 be i(-2). What is the highest common factor of 335 and r?
67
Let d(h) = 6*h - 3. Let x be d(1). Let l be 7 - x - (-4 - 36). Calculate the greatest common divisor of l and 11.
11
Let p(y) = -y. Suppose -5*s = 17 - 2. Let t be p(s). Let n be 4/(-6)*-68*t. Calculate the greatest common factor of 17 and n.
17
Let b(n) = 26*n - 13*n + 10 - 14*n + 5 + n**3. Let h be b(0). What is the greatest common factor of 165 and h?
15
Suppose -3*a + 243 = -3*y, 6*y = -2*a + 2*y + 180. What is the greatest common divisor of 42 and a?
42
Suppose -35 = -2*f + l, -51*f = -49*f - 4*l - 20. Calculate the greatest common factor of f and 260.
20
Let p(u) = 2*u + 19*u**2 + 0*u - 37*u**2 - 7 + 19*u**2. Let s be p(3). Calculate the greatest common divisor of 88 and s.
8
Suppose 0 = 2*o + 2*o - 120. Suppose -2*r - 78 = 4*g - 7*r, 112 = -5*g - r. Let n = o + g. What is the highest common factor of 24 and n?
8
Suppose 0 = x - 18 - 6. Suppose x = -3*s - 18. Let a be s/10*(-8 + 3). Calculate the greatest common divisor of 63 and a.
7
Suppose -7*w + 2*w - 5 = 0, 969 = -4*t - w. Let v be 1/(-6) + t/(-12). What is the highest common factor of 160 and v?
20
Let c = -271 + 648. Calculate the highest common factor of 26 and c.
13
Suppose -3*k = -5*j + k + 36, 5*j = -k + 16. Suppose 5*r - 36*r + 372 = 0. Calculate the highest common factor of r and j.
4
Suppose -6*v + 2*v - 2*x = -20, -6 = -2*v - 3*x. Suppose -4*q = -v*q + 16. Let u = 46 - -26. What is the highest common factor of q and u?
8
Let q be (-2618)/(-16) - -6*16/256. Calculate the highest common divisor of 16 and q.
4
Let q(p) = p**3 - 7*p**2 + 4*p. Let j be q(7). Let o = 78 - 74. What is the greatest common factor of j and o?
4
Let o be -3 + 28/4 + 1. Suppose -4*n - 1414 = -o*k, -5*n + 7 + 13 = 0. What is the highest common factor of 26 and k?
26
Let f be 2/(2/3)*1. Let y be (8/(-20))/((-2)/10). Let p be y/(-1 + 14/12). Calculate the greatest common factor of f and p.
3
Let k be (-28)/(-2) + (-2)/(-2). Suppose -128 = 19*w - 223. What is the greatest common factor of k and w?
5
Let p(n) = n + 13. Let b be p(-4). Suppose 0*h = -h + b. What is the greatest common divisor of h and 36?
9
Let h be 0 + (4/4 - -22). Suppose 4*j + h = 5*j. What is the highest common factor of 69 and j?
23
Let u(x) = -x**2 + x + 20. Let d be u(-5). Let h = 20 + d. Let v = -22 - -72. Calculate the greatest common factor of v and h.
10
Let c = 36 + -18. Let d(h) = 8*h - 12. Let n be d(6). What is the greatest common divisor of n and c?
18
Let l = 28 - 1. Let u = -35 - -37. Suppose u*j + 2*d - 50 = 0, j - 21 = 4*d - 7*d. What is the greatest common factor of l and j?
27
Let l(o) = o**3 + 7*o**2 - 2*o - 27. Let j be l(-8). Let y = j + 105. Let q be -1 + (-3 - -2) + 22. What is the highest common factor of y and q?
10
Suppose 0 = 3*r + i + 39, 0*r - i = -3*r - 33. Let q be 130/50 - (r/5 - -2). What is the greatest common factor of q and 3?
3
Let t be ((-40)/(-3))/((-1)/(-3)). Let d be 29*1 + (71 - 60). What is the highest common divisor of t and d?
40
Suppose 67*g - 80 = 63*g. Suppose -2*p + 2*i = -3*i - 13, 4*p + 2*i = 14. Calculate the highest common factor of g and p.
4
Let d be (-2)/8 + (-34)/(-8). What is the highest common divisor of d and 92?
4
Suppose -2*a + a = -4. Suppose -123*u + 540 = -108*u. What is the greatest common divisor of a and u?
4
Let g(v) = -v**2 - 17*v - 28. Let c be g(-14). Let s be (-2)/3 + (-92)/(-12). What is the highest common divisor of s and c?
7
Suppose -4*g = -13 - 11. Suppose 2*z + 181 = 11. Let y be ((-136)/z)/((-4)/(-90)). What is the highest common divisor of y and g?
6
Let h(m) = 7 - 5 - m - 8 + 39. Let r be h(23). What is the greatest common factor of 20 and r?
10
Suppose -3*p = 12, 5*p = -4*s - s + 350. Calculate the greatest common divisor of s and 2.
2
Suppose -b + 8 = 3*b. Suppose 0 = -5*i + 4*z + 101, b*i = 2*z + 3 + 37. Let f = -60 - -165. Calculate the greatest common factor of f and i.
21
Suppose -p - 68 + 79 = 0. What is the highest common factor of 2 and p?
1
Suppose 3*c - 32 = -4*l, -2*c + 0 + 8 = 0. Let n = -62 + 109. Let o be (n + (1 - 3))*1. What is the greatest common factor of l and o?
5
Let y(t) = -8*t - 64. Let v be y(-8). Let a be 4/6 - (-1)/3. Let x be (57 + v)*a - -3. Calculate the highest common factor of x and 6.
6
Suppose 3*p - 5*b = 83, -p + b + 27 = -0*b. What is the highest common divisor of 1742 and p?
26
Suppose -24*d = -29*d + 990. What is the greatest common divisor of d and 11?
11
Suppose 6*w - w = 4*c + 1330, 5*w - c - 1345 = 0. Calculate the highest common divisor of w and 15.
15
Suppose 4*k + 12 = 5*k. Let s be 1/(4 - 2058/514). Let l = s + 353. What is the greatest common factor of l and k?
12
Let c = 123 + 21. Calculate the highest common factor of c and 108.
36
Let o(q) = 53*q - 60. Let t be o(3). Calculate the greatest common divisor of 11 and t.
11
Let j be (-230)/(-12) - (-5)/(-30). Calculate the greatest common factor of j and 247.
19
Let d(v) = 20*v**2 + v - 2. Suppose 6*u - 5*u = -1. Let g be u/((-2)/(0 + 4)). Let s be d(g). What is the greatest common factor of s and 8?
8
Suppose 0*g = v - 3*g + 48, 5*g - 240 = 5*v. Let x = v - -51. Calculate the greatest common divisor of 3 and x.
3
Let c be 165/(-10)*(-4)/2. Let v be -4 + -4 + 8 + 4. Suppose c = -p + v*p. Calculate the highest common factor of 55 and p.
11
Suppose 0*x + 720 = 2*x. Suppose -w - 9*w + x = 0. Calculate the highest common factor of 24 and w.
12
Suppose 25*d = 27*d - 142. What is the greatest common factor of d and 1?
1
Let k be 6 + (2 - (-2)/1). Suppose -33 = -k*a + 7*a. Suppose -19 = -3*p + a. What is the greatest common factor of p and 10?
10
Let w(h) = 3*h**2 + 4*h + 1. Suppose -11*a + 12*a = -5. Let f be w(a). What is the highest common factor of f and 8?
8
Suppose 6 = 2*p - 74. Calculate the greatest common divisor of p and 8.
8
Suppose -2*q + 53 = 2*k - 177, 565 = 5*k - 5*q. Let x = 130 + -50. Suppose -3*v - t = -5*t - x, 5*v - k = -3*t. What is the greatest common factor of v and 36?
12
Let l(u) = -u**2 + 22*u. Let g be l(16). Let d be (10 - -6)/(5/3 - 1). Calculate the greatest common factor of g and d.
24
Suppose -6 = -0*g - 3*g. Suppose 2*t = 3*t - g. Let i(z) = -12*z - 106. Let j be i(-9). Calculate the greatest common factor of t and j.
2
Let z(r) = 66*r**2 - 7*r - 2. Let j be z(-2). Calculate the highest common divisor of j and 36.
12
Let z(n) = 3*n**2 - 25*n - 108. Let t be z(12). Calculate the greatest common divisor of 32 and t.
8
Suppose -8*k - 9*k = -187. Calculate the highest common divisor of 77 and k.
11
Let i = 10 - -12. Calculate the greatest common factor of i and 33.
11
Suppose -5*m = -z - 7, -z + 3*m + 9 = 10. Let t be -66*2*4/(-6). Calculate the highest common divisor of z and t.
8
Let a(k) = -k**2 + 8*k + 4. Let t be a(6). Let i = 281 - 183. Let q = 210 - i. Calculate the greatest common divisor of q and t.
16
Let y be (72 - -6) + 6 + (1 - 5). What is the greatest common divisor of 464 and y?
16
Suppose 4*z - 5*z = 5*q - 260, -4*z + 208 = 4*q. Let x = q + -28. What is the highest common divisor of 12 and x?
12
Suppose -5*a + a - 90 = -3*m, m + 2*a - 20 = 0. Calculate the greatest common divisor of m and 442.
26
Suppose -4*b + 4 + 16 = 0. Suppose -3*n + b*m + 12 = 0, 0 = -4*n + n - 2*m + 33. What is the highest common divisor of 9 and n?
9
Let a be 12*(374/(-3))/(-17). Calculate the highest common divisor of a and 33.
11
Let l(a) = -a**3 + 12*a**2 + 15*a - 18. Let q be l(13). Suppose -k = -3*k. Suppose 2*f - q = -k*f. What is the highest common divisor of f and 6?
2
Suppose 3 + 8 = -v. Let t = v - -15. Suppose -6*h = -3*h + 5*p - 70, -t*p = 5*h - 134. Calculate the greatest common divisor of 10 and h.
10
Suppose -6*u + 0*u = -150. Calculate the highest common divisor of 425 and u.
25
Suppose -v = -3*v + 6. Suppose -2*y = 2*q - 96, y + v*q - 12 = 36. Calculate the greatest common divisor of 32 and y.
16
Let d(g) = g**2 - 32. Let a be d(12). Calculate the highest common divisor of a and 14.
14
Let s(m) = -m**2 + 13*m + 98. Let j be s(18). Calculate the greatest common factor of 136 and j.
8
Let u(w) = 23*w + 7*w**2 + 39 - 4*w**2 - 4*w**2. Let k be u(20). What is the highest common factor of 9 and k?
9
Let u(m) = 32*m**2 + 189*m - 9. Let i be u(-6). What is the greatest common